uppose -15*f - 443 = -108 - 230. Let u(w) = -11*w - 56. Determine u(f).
21
Let p(g) = -3*g - 37. Let z be (-64*(8/18 + (-28)/(-504)))/2. What is p(z)?
11
Let v be -5 + -18 + 52/4. Let o(i) = -i - 10. Calculate o(v).
0
Let j = 7399 - 7393. Let n(a) = a**3 - 3*a**2 - 16*a - 7. Give n(j).
5
Let x(o) = 14*o**2 + 31*o - 496. Let u(w) = 5*w**2 + 11*w - 175. Let f(l) = -17*u(l) + 6*x(l). Suppose 3*q - q = 0. Give f(q).
-1
Suppose 3*j - s = 8*j - 85, 70 = 5*j - 2*s. Suppose 3*h - 3*k + j = 4, 4*h - 9 = -k. Let y(x) = -4*x - 3. Calculate y(h).
-7
Let u be 1/((-1)/1)*1. Let k be (15 + 1 + u)*(-2)/(-5). Let w(n) = 4*n**2 - 5*n**2 - 8 - k*n**3 + 5*n**3 + 2*n**2. Calculate w(0).
-8
Let k(j) = 7*j + 10. Suppose -4*f + 38 = -2*c, 5*c + f = 2*f - 23. What is k(c)?
-11
Suppose -125 = 5*v - n - 694, 5*v = 4*n + 566. Suppose 0 = -m + 113 - v. Let p(k) = 8*k**2. Determine p(m).
8
Let o(u) = -u**2 + 6*u + 10. Let q be 9*(0 + 34/6). Let k(c) = -302*c - 5734. Let t be k(-19). Suppose -3*l = t*r - 37, -8*r + 4*r + q = 5*l. Determine o(l).
3
Let o(m) be the second derivative of m**4/12 + m**3 - 2*m**2 - 3385*m - 2. Let n = 0 - -2. Let l = -4 - n. Give o(l).
-4
Let u(s) be the first derivative of -5*s**4/4 - 2*s**3/3 + s**2 + 2*s - 1653. Let a = -14 + 16. Give u(a).
-42
Let j(c) = c**2 + 8*c - 9. Let w(z) be the third derivative of z**6/120 - 5*z**4/8 - 5*z**3/6 + 235*z**2. Let l be w(-4). What is j(l)?
0
Let h(l) be the third derivative of -l**5/30 - l**4/6 - l**3/3 + 43*l**2. Let o(b) = 1 + 3 + 0 + 4*b + 2. Let s be o(-2). Determine h(s).
-2
Let o(j) = 5*j**2 + 126*j + 85. Let m(k) = -k**2 - 30*k - 20. Let y(p) = -13*m(p) - 3*o(p). Give y(4).
21
Let n(s) = -9*s - 12. Suppose -5*d - 26 + 79 = -4*m, d - m - 11 = 0. What is n(d)?
-93
Let q = 6237 + -3728. Let a(z) = 2512*z**2 - 5020*z**2 + q*z**2 - 2*z. Let t(i) = -i**3 - 4*i**2 - i - 2. Let l be t(-4). Give a(l).
0
Let j(u) = -7*u**3 - 48*u**2 + 7*u - 18. Let p be j(-7). Let y(x) = -12*x - 203. Give y(p).
13
Let u(t) = 205*t + 191. Let b be u(-1). Let m(c) = 2*c + 9. Calculate m(b).
-19
Let u(n) = -n**2 - 20*n + 48. Suppose 0 = -4*o - 2*v - 624 + 544, o + 5*v = -2. Give u(o).
4
Let q(d) be the third derivative of d**6/40 - 3*d**5/20 + d**4/24 - 2*d**3/3 - d**2 + 243. What is q(4)?
48
Let h(k) = k**3 - 5*k**2 - 6*k - 1. Suppose -26*u - 56 = 2*u - 224. Calculate h(u).
-1
Let w(g) be the first derivative of -2*g**3/3 + 2*g**2 - 240. What is w(-4)?
-48
Suppose -s - 3*j = -32, 0 = -3*j + 11 - 2. Let z = -16 + s. Let x(v) = 3*v**2 + 6*v + 2 + 8 + 0 - 4*v**2. Determine x(z).
3
Let n(a) = 23*a**2 - 49*a - 4. Let h(b) = 13*b**2 - 26*b - 2. Let y(s) = -7*h(s) + 4*n(s). What is y(6)?
-50
Let q(h) = -15*h + 3. Let w(d) = 10*d - 2. Let x(t) = 5*q(t) + 8*w(t). Let n(b) = -11*b + 3. Let p(g) = -4*n(g) - 9*x(g). Let z = 220544 + -220548. Give p(z).
1
Suppose -28 = -2*v - 26. Let y be -129*(1 + (-10)/5). Let o(l) = 253*l - y*l - 1 - 127*l. Calculate o(v).
-4
Let o(i) = -2*i**2 - 48*i + 56. Let c = -9915 - -9890. Determine o(c).
6
Suppose -2*m - 352 = 18*g, -3*m = -47 + 35. Let f(t) = 4*t + 80. Give f(g).
0
Let g(v) = -v**3 - 4*v**2 + 5*v + 3. Let o be g(-5). Let l(z) = 0*z + o - 5*z - 2 - 2. Suppose 5*u + 28 = -2*c, -50 = -4*c - 4*u - 70. Calculate l(c).
-6
Let y(k) be the second derivative of -1/12*k**4 - 1/6*k**3 + 18 + k - 1/2*k**2. Determine y(4).
-21
Let j(f) be the third derivative of -f**8/20160 + 17*f**7/5040 - f**6/20 + 17*f**5/20 + f**3/3 + 101*f**2. Let a(v) be the third derivative of j(v). Give a(15).
-6
Let z(a) = 11*a + 10*a + 8*a**2 - 2 - 6*a - a**3 - 106 - a. Let h be z(8). Let q(n) = -3*n + 8. Determine q(h).
-4
Let o = -3781 - -3774. Let q(c) = -c**2 - 12*c - 32. What is q(o)?
3
Let n(p) be the second derivative of p**5/20 - 11*p**4/12 + p**3/2 + 6*p**2 + 1185*p. Determine n(10).
-58
Suppose 6*r - 186 = -168. Let d(y) = 5*y**r - y**2 - 3*y + 8*y**3 - 14*y**3 + 2*y. Calculate d(0).
0
Let d(p) be the first derivative of p**2 - 24 - 35 + 23 - 43 + 2*p. Calculate d(-10).
-18
Let a(l) = l**2 - 5*l - 5. Let g be (-6)/18*-12 - -2. Let h be (-171)/(-21) + -2 + g/(-42). Determine a(h).
1
Let c be 36/(-9) - -4*(2 - 1). Let h(t) = -5*t**3 - 4*t - 16. Let f(s) = s**3 + s + 4. Let j(k) = 9*f(k) + 2*h(k). What is j(c)?
4
Let o be (-5 - -9) + (0 - -28) + 1. Let r(f) = o - 47 + 3*f - 4*f + 3*f. What is r(10)?
6
Let c(s) = 8*s + 1. Suppose k - 127 = -3*a - 0*a, 0 = 4*a + k - 171. Let x = a - 44. Suppose 5*j - 6*j - 1 = x. What is c(j)?
-7
Let q(o) = o**3 - 3*o**2 - 5*o - 1. Let g(b) = -b - 8. Let r be g(-7). Let a be q(r). Let n(c) = -c + 7. Give n(a).
7
Let t(u) = 21*u + 23*u + 38 - 48*u - 19. What is t(6)?
-5
Let u(g) be the third derivative of 1/8*g**4 - 2*g**2 - 2*g**3 + 0*g - 101. Determine u(8).
12
Let x(h) = 33*h. Suppose 4*l - 7 = 23*k - 22*k, 2*k + 10 = 4*l. Calculate x(l).
33
Let v(g) = 372*g + 1878. Let n be v(-5). Let h(p) = p**3 - 21*p**2 + 56*p + 6. Calculate h(n).
42
Let n = -91 + 104. Let d(h) = h**2 + 3 - n*h**3 - h + 12*h**3 + 5. Determine d(0).
8
Let d(k) = -4*k - 4577*k**2 + 1523*k**2 + 1524*k**2 + 1526*k**2 - 1. What is d(0)?
-1
Let g(h) be the third derivative of -h**5/20 + h**4/3 - h**3/2 + 9*h**2 + 69*h. Calculate g(2).
1
Let y(r) = -856*r + 1715*r - 852*r + 0*r**2 + r**2 - 6 - 2*r**2. Give y(1).
0
Let t(q) = -13*q + 10. Let u(g) = -4*g**3 + 34*g**2 - 14*g - 10. Let r be u(8). Let a(p) = -7*p + 6. Let c(s) = r*t(s) - 10*a(s). Calculate c(-2).
16
Let k be (-3 + 5)*51/6. Suppose k*z - 40 = 79. Let b(p) be the third derivative of p**5/60 - 7*p**4/24 + p**3/6 + 3*p**2. Determine b(z).
1
Suppose -3*g + 0 + 12 = 0. Let v(w) be the first derivative of -w**3/3 + 9*w**2/2 - 16*w - 300. Let i be v(g). Let t(c) = c**3 - 5*c**2 + 4*c - 5. Give t(i).
-5
Let u be (342 - 2)/(-10)*(-2)/(-4). Let h(k) = -k**3 - 16*k**2 + 20*k + 56. Calculate h(u).
5
Let g(q) = 18*q**3 - 2*q**2 - 4*q - 3. Let r be (-17)/((-408)/(-16)) - (-5)/(-15). Determine g(r).
-19
Let q = -2 - -8. Suppose -55 = -5*c + 5*l, -5 = -3*c - 5*l + 60. Let j be ((-40)/c + -2)/((-4)/q). Let i(r) = -2*r + 7. Give i(j).
-7
Suppose -158 - 232 = -13*t. Let x be 4/(-6)*45/t. Let a(c) = 5*c - 1. Give a(x).
-6
Let k(g) = -17*g**2 + 2*g**2 + 11 + 2*g**2 + 12*g**2 + 54*g - 261. What is k(5)?
-5
Let l(i) be the second derivative of 19/2*i**2 + 2*i + 0*i**3 + 0 + 1/12*i**4. Let h(k) be the first derivative of l(k). What is h(1)?
2
Let l(g) = -86*g - 1154. Let j be l(-14). Let n be (-14)/(-6) - 1/3. Suppose 5*z - j = 5*i, -n*z + 12 = z. Let m(y) = -y - 1. Give m(i).
5
Let f(p) be the second derivative of p**3/6 + p**2/2 - 31*p. Let u(o) = -7*o - 15. Let w(h) = -5*f(h) - u(h). Give w(-7).
-4
Let p(c) = -c + 14. Let y be p(6). Let h(z) = -2*z + 5. Let k(t) = 3*t - 8. Let r(s) = -2*h(s) - 2*k(s). Determine r(y).
-10
Let x(m) be the first derivative of -10*m + 11 - 9/2*m**2 - 1/3*m**3. Give x(-7).
4
Let u(z) be the first derivative of -z**2/2 + 3*z - 1. Suppose -908*m + 77 = -1813*m + 916*m. What is u(m)?
-4
Let i(l) = -l + 1. Let d(v) = -3*v**3 - 10*v**2 + 11*v - 14. Let w be d(-6). Let a = -200 + w. Determine i(a).
-7
Suppose -33*i + 30*i - 72 = 0. Let a be i/(3/(-2)*1). Let n be ((-14)/21)/(a/6 - 2). Let b(p) = 21*p**3 - p - 1. Give b(n).
-21
Suppose -15*u = -44 - 91. Let h = -2 - -4. Let a(t) = -u - 2*t + 3 + 5 + h. Give a(2).
-3
Let d(t) = -12*t. Suppose -76*i = -68*i - 32. Suppose 34*j + 64 = -i. Give d(j).
24
Let m be 5 + 2/2 + (-4 - -12). Let y(s) = -s**2 + 16*s - 33. Determine y(m).
-5
Let j be -3 + 1 - 11 - 0. Let u(h) = 15*h + 32 + 175 + h**2 - 188. Determine u(j).
-7
Let q(p) be the second derivative of -p**3/3 + 9*p**2 - 27*p. Determine q(6).
6
Let q = -4 + 1. Let i(f) be the third derivative of 0 + 1/6*f**3 - 2*f**2 + 0*f + 1/12*f**4. What is i(q)?
-5
Let q(d) = 5*d**2 - 3*d + 11. Let u(t) = 4*t**2 - 4*t + 10. Let y = 57 + -52. Let k(w) = y*q(w) - 6*u(w). Give k(-8).
-13
Suppose -3*u - 18 + 17 = l, -5*l = 4*u - 6. Let t(x) = -38*x + 1. Let g(m) = 34*m - 1. Let k(b) = -3*g(b) - 2*t(b). Give k(u).
27
Let s(a) = a**3 + a**2 + a - 14. Let d = 161 - 134. Suppose 32*j = d*j. Determine s(j).
-14
Let b(p) = p**2 - 5*p - 5. Let v(f) = -f + 3. Let o be v(2). Suppose u = -5*n + o, 0*u = 3*u + 3*n - 15. Give b(u).
1
Suppose 14*g = 113 - 169. Let z(d) be the third derivative o